{"id":10689,"date":"2017-01-17T15:05:49","date_gmt":"2017-01-17T14:05:49","guid":{"rendered":"https:\/\/grupaset.pl\/setkiinspiracji\/?page_id=10689"},"modified":"2018-01-10T12:02:54","modified_gmt":"2018-01-10T11:02:54","slug":"polityka-prywatnosci","status":"publish","type":"page","link":"https:\/\/grupaset.pl\/setkiinspiracji\/polityka-prywatnosci\/","title":{"rendered":"Polityka prywatno\u015bci"},"content":{"rendered":"<h1 style=\"text-align: left;\"><span style=\"color: #e77817;\">Polityka prywatno\u015bci (cookies)<\/span><\/h1>\n<p>1. Serwis zbiera w spos\u00f3b automatyczny tylko informacje zawarte w plikach cookies.<\/p>\n<p>2. Pliki (cookies) s\u0105 plikami tekstowymi, kt\u00f3re przechowywane s\u0105 w urz\u0105dzeniu ko\u0144cowym u\u017cytkownika serwisu. Przeznaczone s\u0105 do korzystania ze stron serwisu. Przede wszystkim zawieraj\u0105 nazw\u0119 strony internetowej swojego pochodzenia, sw\u00f3j unikalny numer, czas przechowywania na urz\u0105dzeniu ko\u0144cowym.<\/p>\n<p>3. Operator serwisu (tu nazwa i ewentualnie adres) jest podmiotem zamieszczaj\u0105cym na urz\u0105dzeniu ko\u0144cowym swojego u\u017cytkownika pliki cookies oraz maj\u0105cym do nich dost\u0119p.<\/p>\n<p>4. Operator serwisu wykorzystuje pliki (cookies) w celu:<\/p>\n<p><i class=\"moon-arrow-right-17\" style=\"color: #e77817; font-size: 14px;\">\u00a0\u00a0<\/i>dopasowania zawarto\u015bci strony internetowej do indywidualnych preferencji u\u017cytkownika, przede wszystkim pliki te rozpoznaj\u0105 jego urz\u0105dzenie, aby zgodnie z jego preferencjami wy\u015bwietli\u0107 stron\u0119;<br \/>\n<i class=\"moon-arrow-right-17\" style=\"color: #e77817; font-size: 14px;\">\u00a0\u00a0<\/i>przygotowywania statystyk pomagaj\u0105cych poznaniu preferencji i zachowa\u0144 u\u017cytkownik\u00f3w, analiza tych statystyk jest anonimowa i umo\u017cliwia dostosowanie zawarto\u015bci i wygl\u0105du serwisu do panuj\u0105cych trend\u00f3w, statystyki stosuje si\u0119 te\u017c do oceny popularno\u015bci strony;<br \/>\n<i class=\"moon-arrow-right-17\" style=\"color: #e77817; font-size: 14px;\">\u00a0\u00a0<\/i>mo\u017cliwo\u015bci logowania do serwisu;<br \/>\n<i class=\"moon-arrow-right-17\" style=\"color: #e77817; font-size: 14px;\">\u00a0\u00a0<\/i>utrzymania logowania u\u017cytkownika na ka\u017cdej kolejnej stronie serwisu.<\/p>\n<p>5. Serwis stosuje dwa zasadnicze rodzaje plik\u00f3w (cookies) &#8211; sesyjne i sta\u0142e. Pliki sesyjne s\u0105 tymczasowe, przechowuje si\u0119 je do momentu opuszczenia strony serwisu (poprzez wej\u015bcie na inn\u0105 stron\u0119, wylogowanie lub wy\u0142\u0105czenie przegl\u0105darki). Pliki sta\u0142e przechowywane s\u0105 w urz\u0105dzeniu ko\u0144cowym u\u017cytkownika do czasu ich usuni\u0119cia przez u\u017cytkownika lub przez czas wynikaj\u0105cy z ich ustawie\u0144.<\/p>\n<p>6. U\u017cytkownik mo\u017ce w ka\u017cdej chwili dokona\u0107 zmiany ustawie\u0144 swojej przegl\u0105darki, aby zablokowa\u0107 obs\u0142ug\u0119 plik\u00f3w (cookies) lub ka\u017cdorazowo uzyskiwa\u0107 informacje o ich umieszczeniu w swoim urz\u0105dzeniu. Inne dost\u0119pne opcje mo\u017cna sprawdzi\u0107 w ustawieniach swojej przegl\u0105darki internetowej. Nale\u017cy pami\u0119ta\u0107, \u017ce wi\u0119kszo\u015b\u0107 przegl\u0105darek domy\u015blnie jest ustawione na akceptacj\u0119 zapisu plik\u00f3w (cookies)w urz\u0105dzeniu ko\u0144cowym.<\/p>\n<p>7. Operator Serwisu informuje, \u017ce zmiany ustawie\u0144 w przegl\u0105darce internetowej u\u017cytkownika mog\u0105 ograniczy\u0107 dost\u0119p do niekt\u00f3rych funkcji strony internetowej serwisu.<\/p>\n<p>8. Pliki (cookies) z kt\u00f3rych korzysta serwis (zamieszczane w urz\u0105dzeniu ko\u0144cowym u\u017cytkownika) mog\u0105 by\u0107 udost\u0119pnione jego partnerom oraz wsp\u00f3\u0142pracuj\u0105cym z nim reklamodawc\u0105.<\/p>\n<p>9. Informacje dotycz\u0105ce ustawie\u0144 przegl\u0105darek internetowych dost\u0119pne s\u0105 w jej menu (pomoc) lub na stronie jej producenta.<\/p>\n<p>10. Bardziej szczeg\u00f3\u0142owe informacje na temat plik\u00f3w (cookies) dost\u0119pne s\u0105 na stronie ciasteczka.org.pl.<\/p>\n<div class=\"spacer\" style=\"height:30px\"><\/div>\n<div class=\"background-block\" style=\"background-color:#f1f1f1;  margin-top:0px; margin-bottom:0px; padding-top:20px; padding-bottom:0px; text-align:center;\"><div class=\"background-block-container\">\n<div class=\"spacer\" style=\"height:30px\"><\/div>\n<div class=\"column column-3-5\">\n<h1 style=\"text-align: center;\"><span style=\"color: #e77817;\">Formularz kontaktu<\/span><\/h1>\n<h4 style=\"text-align: center;\">Chcesz zada\u0107 pytanie, lub przes\u0142a\u0107 opini\u0119, skorzystaj formularza.<\/h4>\n\n<div class=\"wpcf7 no-js\" id=\"wpcf7-f49217-o1\" lang=\"pl-PL\" dir=\"ltr\" data-wpcf7-id=\"49217\">\n<div class=\"screen-reader-response\"><p role=\"status\" aria-live=\"polite\" aria-atomic=\"true\"><\/p> <ul><\/ul><\/div>\n<form action=\"\/setkiinspiracji\/wp-json\/wp\/v2\/pages\/10689#wpcf7-f49217-o1\" method=\"post\" class=\"wpcf7-form init\" aria-label=\"Formularz kontaktowy\" novalidate=\"novalidate\" data-status=\"init\">\n<fieldset class=\"hidden-fields-container\"><input type=\"hidden\" name=\"_wpcf7\" value=\"49217\" \/><input type=\"hidden\" name=\"_wpcf7_version\" value=\"6.1.2\" \/><input type=\"hidden\" name=\"_wpcf7_locale\" value=\"pl_PL\" \/><input type=\"hidden\" name=\"_wpcf7_unit_tag\" value=\"wpcf7-f49217-o1\" \/><input type=\"hidden\" name=\"_wpcf7_container_post\" value=\"0\" \/><input type=\"hidden\" name=\"_wpcf7_posted_data_hash\" value=\"\" \/>\n<\/fieldset>\n<div>\n\t<p><span class=\"wpcf7-form-control-wrap\" data-name=\"your-name\"><input size=\"40\" maxlength=\"400\" class=\"wpcf7-form-control wpcf7-text wpcf7-validates-as-required\" aria-required=\"true\" aria-invalid=\"false\" placeholder=\"Imi\u0119 i nazwisko*\" value=\"\" type=\"text\" name=\"your-name\" \/><\/span>\n\t<\/p>\n<\/div>\n<div>\n\t<p><span class=\"wpcf7-form-control-wrap\" data-name=\"your-email\"><input size=\"40\" maxlength=\"400\" class=\"wpcf7-form-control wpcf7-email wpcf7-validates-as-required wpcf7-text wpcf7-validates-as-email\" aria-required=\"true\" aria-invalid=\"false\" placeholder=\"Adres e-mail*\" value=\"\" type=\"email\" name=\"your-email\" \/><\/span>\n\t<\/p>\n<\/div>\n<div>\n\t<p><span class=\"wpcf7-form-control-wrap\" data-name=\"your-subject\"><input size=\"40\" maxlength=\"400\" class=\"wpcf7-form-control wpcf7-text wpcf7-validates-as-required\" aria-required=\"true\" aria-invalid=\"false\" placeholder=\"Telefon kontaktowy\" value=\"\" type=\"text\" name=\"your-subject\" \/><\/span>\n\t<\/p>\n<\/div>\n<div>\n\t<p><span class=\"wpcf7-form-control-wrap\" data-name=\"your-message\"><textarea cols=\"40\" rows=\"10\" maxlength=\"2000\" class=\"wpcf7-form-control wpcf7-textarea\" aria-invalid=\"false\" placeholder=\"Twoja wiadomo\u015b\u0107*\" name=\"your-message\"><\/textarea><\/span>\n\t<\/p>\n<\/div>\n<div style=\"text-align: center;\">\n\t<p><input class=\"wpcf7-form-control wpcf7-submit has-spinner\" type=\"submit\" value=\"Wy\u015blij wiadomo\u015b\u0107\" \/>\n\t<\/p>\n<\/div><div class=\"wpcf7-response-output\" aria-hidden=\"true\"><\/div>\n<\/form>\n<\/div>\n\n<\/div>\n<div class=\"column column-2-5 column-last\">\n<h1 style=\"text-align: center;\"><span style=\"color: #e77817;\">Newsletter<\/span><\/h1>\n<h4 style=\"text-align: center;\">Dopisz si\u0119 do odbiorc\u00f3w.<\/h4>\n[newsletter_form button_label=&#8221;Dopisz si\u0119&#8221;]\n[newsletter_field name=&#8221;email&#8221; label=&#8221;&#8221;]\n[\/newsletter_form]\n<div class=\"spacer\" style=\"height:20px\"><\/div>\n<h4 style=\"text-align: center;\">B\u0119dziemy przesy\u0142a\u0107 do Ciebie nasz RozWojownik i informacje o nowo\u015bciach w Grupie SET.<\/h4>\n<div class=\"spacer\" style=\"height:5px\"><\/div>\n<\/div><div class=\"clear\"><\/div>\n<p style=\"text-align: center;\">Grupa SET sp. z o.o. informuje, \u017ce dane osobowe zamieszczone w formularzu b\u0119d\u0105 przetwarzane wy\u0142\u0105cznie w celu udzielenia odpowiedzi na przes\u0142an\u0105 wiadomo\u015b\u0107. Dane nie b\u0119d\u0105 udost\u0119pniane odbiorcom danych w rozumieniu art.7 pkt.6 ustawy z 18 lipca 2002 r. o \u015bwiadczeniu us\u0142ug drog\u0105 elektroniczn\u0105. Ma Pani\/Pan prawo dost\u0119pu do\u202ftre\u015bci danych oraz\u202fmo\u017cliwo\u015b\u0107 ich poprawiania. Podanie danych jest dobrowolne. Administratorem danych jest Grupa SET sp. z o.o. z siedzib\u0105 w Warszawie, ul.Jana Kazimierza 45 lok.AD0106.<\/p>\n<p><!-- Facebook Pixel Code --><script>\/\/ <!&#091;CDATA&#091; !function(f,b,e,v,n,t,s){if(f.fbq)return;n=f.fbq=function(){n.callMethod? n.callMethod.apply(n,arguments):n.queue.push(arguments)};if(!f._fbq)f._fbq=n; n.push=n;n.loaded=!0;n.version='2.0';n.queue=&#091;&#093;;t=b.createElement(e);t.async=!0; t.src=v;s=b.getElementsByTagName(e)&#091;0&#093;;s.parentNode.insertBefore(t,s)}(window, document,'script','https:\/\/connect.facebook.net\/en_US\/fbevents.js'); fbq('init', '1725456157736864'); fbq('track', \"PageView\"); \/\/ &#093;&#093;><\/script><br \/>\n<noscript>&lt;img height=&#8221;1&#8243; width=&#8221;1&#8243; style=&#8221;display:none&#8221; src=&#8221;https:\/\/www.facebook.com\/tr?id=1725456157736864&amp;ev=PageView&amp;noscript=1&#8243; \/&gt;<\/noscript><!-- End Facebook Pixel Code --><br \/>\n<\/div><\/div>\n<div class=\"crunchify-social\"><h5>Udost\u0119pnij<\/h5><a class=\"ikon-share-gs\" href=\"https:\/\/www.facebook.com\/sharer\/sharer.php?u=https%3A%2F%2Fgrupaset.pl%2Fsetkiinspiracji%2Fpolityka-prywatnosci%2F\" target=\"_blank\"><i style=\"color:#3b5999; font-size:30px\" class=\"moon-facebook-2\"><\/i><\/a><a class=\"ikon-share-gs\" href=\"https:\/\/twitter.com\/intent\/tweet?text=Polityka%20prywatno\u015bci&amp;url=https%3A%2F%2Fgrupaset.pl%2Fsetkiinspiracji%2Fpolityka-prywatnosci%2F&amp;via=Crunchify\" target=\"_blank\"><i style=\"color:#1dcaff; font-size:30px\" class=\"moon-twitter-2\"><\/i><\/a><a class=\"ikon-share-gs\" href=\"https:\/\/plus.google.com\/share?url=https%3A%2F%2Fgrupaset.pl%2Fsetkiinspiracji%2Fpolityka-prywatnosci%2F\" target=\"_blank\"><i style=\"color:#d34836; font-size:30px\" class=\"moon-google-plus-3\"><\/i><\/a><a class=\"ikon-share-gs\" href=\"https:\/\/www.linkedin.com\/shareArticle?mini=true&url=https%3A%2F%2Fgrupaset.pl%2Fsetkiinspiracji%2Fpolityka-prywatnosci%2F&amp;title=Polityka%20prywatno\u015bci\" target=\"_blank\"><i style=\"color:#007bb5; font-size:30px\" class=\"moon-linkedin\"><\/i><\/a><\/div>","protected":false},"excerpt":{"rendered":"<p>Polityka prywatno\u015bci (cookies) 1. Serwis zbiera w spos\u00f3b automatyczny tylko informacje zawarte w plikach cookies. 2. Pliki (cookies) s\u0105 plikami tekstowymi, kt\u00f3re przechowywane s\u0105 w urz\u0105dzeniu ko\u0144cowym u\u017cytkownika serwisu. Przeznaczone s\u0105 do korzystania ze stron serwisu. Przede wszystkim zawieraj\u0105 nazw\u0119 strony internetowej swojego pochodzenia, sw\u00f3j unikalny numer, czas przechowywania na urz\u0105dzeniu ko\u0144cowym. 3. Operator serwisu [&hellip;]<\/p>\n","protected":false},"author":80,"featured_media":0,"parent":0,"menu_order":0,"comment_status":"closed","ping_status":"closed","template":"","meta":{"footnotes":""},"class_list":["post-10689","page","type-page","status-publish","hentry"],"_links":{"self":[{"href":"https:\/\/grupaset.pl\/setkiinspiracji\/wp-json\/wp\/v2\/pages\/10689","targetHints":{"allow":["GET"]}}],"collection":[{"href":"https:\/\/grupaset.pl\/setkiinspiracji\/wp-json\/wp\/v2\/pages"}],"about":[{"href":"https:\/\/grupaset.pl\/setkiinspiracji\/wp-json\/wp\/v2\/types\/page"}],"author":[{"embeddable":true,"href":"https:\/\/grupaset.pl\/setkiinspiracji\/wp-json\/wp\/v2\/users\/80"}],"replies":[{"embeddable":true,"href":"https:\/\/grupaset.pl\/setkiinspiracji\/wp-json\/wp\/v2\/comments?post=10689"}],"version-history":[{"count":4,"href":"https:\/\/grupaset.pl\/setkiinspiracji\/wp-json\/wp\/v2\/pages\/10689\/revisions"}],"predecessor-version":[{"id":49233,"href":"https:\/\/grupaset.pl\/setkiinspiracji\/wp-json\/wp\/v2\/pages\/10689\/revisions\/49233"}],"wp:attachment":[{"href":"https:\/\/grupaset.pl\/setkiinspiracji\/wp-json\/wp\/v2\/media?parent=10689"}],"curies":[{"name":"wp","href":"https:\/\/api.w.org\/{rel}","templated":true}]}}